?
212
Let a(q) = -8*q**3 - 45*q**2 + 3*q + 145. Calculate a(-5).
5
Let l(d) = d**2 + 21*d - 19. Give l(-20).
-39
Let o(t) = 940*t**2 + t + 2. What is o(-1)?
941
Let o(z) = z - 11. Determine o(8).
-3
Let h(u) = u**3 + 38*u**2 - 168*u + 10. What is h(-42)?
10
Let l(d) = -23*d + 411. Give l(17).
20
Let h(d) = 14*d + 1725. Determine h(-132).
-123
Let t(p) = -8*p**3 + 5*p**2 - 21*p + 36. Calculate t(2).
-50
Let n(o) = o**3 - 5*o**2 + 12*o - 31. Give n(2).
-19
Let w(i) = 2467*i - 17277. Calculate w(7).
-8
Let p(u) = -5*u**3 - 4*u**2 + 35*u - 124. Calculate p(4).
-368
Let q(m) = 7*m**2 - 71*m - 3. Give q(10).
-13
Let q(a) = -670*a - 18764. Calculate q(-28).
-4
Let z(k) = -9*k**2 + 199*k - 54. Determine z(22).
-32
Let s(k) = 7*k**3 + k**2 - 4*k + 7. What is s(2)?
59
Let s(a) = 28*a - 818. Determine s(24).
-146
Let o(h) = 26*h**2 - 470*h + 29. Calculate o(18).
-7
Let n(r) = 2553*r + 61268. Give n(-24).
-4
Let x(f) = 2*f**3 + 67*f**2 - 358*f + 12. What is x(5)?
147
Let w(n) = 3967*n - 35707. Give w(9).
-4
Let t(b) = -b**3 + 44*b**2 + 30. Calculate t(44).
30
Let j(k) = -k**2 + 40*k - 155. Determine j(4).
-11
Let p(h) = 124*h - 5288. Calculate p(42).
-80
Let m(k) = 471*k - 1155. Calculate m(2).
-213
Let n(x) = -58*x + 2077. What is n(36)?
-11
Let m(z) = z**3 - 21*z**2 - z - 1. What is m(21)?
-22
Let v(s) = 15*s + 548. What is v(-26)?
158
Let g(x) = 17*x - 85. Give g(8).
51
Let x(y) = -69*y + 309. What is x(4)?
33
Let s(l) = l**2 + 42*l + 432. Give s(-12).
72
Let s(t) = -t**2 - 51*t - 483. Calculate s(-19).
125
Let i(k) = 58*k - 49. Calculate i(-1).
-107
Let l(c) = -1164*c - 336398. What is l(-289)?
-2
Let w(n) = -52*n**2 + 18*n - 17. What is w(3)?
-431
Let f(a) = -a**3 + 8*a**2 + 27*a + 5. What is f(10)?
75
Let x(m) = 2*m**2 - 71*m - 54. Calculate x(36).
-18
Let b(j) = j**3 - 48*j**2 + 46*j + 269. Give b(47).
222
Let y(n) = -n**3 + 8*n**2 - 16*n + 20. Calculate y(6).
-4
Let c(i) = i**3 + 7*i**2 - 65*i + 27. What is c(5)?
2
Let a(w) = 3*w**2 - 10*w + 46. Give a(-8).
318
Let s(t) = -2*t**2 + 27*t - 71. Determine s(7).
20
Let m(w) = w**2 - 217*w + 2431. What is m(13)?
-221
Let q(c) = c**3 - 186*c**2 - 183*c - 738. Give q(187).
10
Let z(r) = -2*r**3 - 47*r**2 - 63*r + 53. Calculate z(-22).
-13
Let y(r) = 2*r**2 + 28*r + 148. What is y(-7)?
50
Let a(k) = 18*k**2 + 78*k - 79. Give a(-5).
-19
Let p(h) = -2*h**2 - 108*h + 27. What is p(-55)?
-83
Let d(a) = -33*a - 756. Calculate d(-23).
3
Let u(n) = -n**3 + 57*n**2 + 2051*n - 87. Give u(82).
-5
Let d(q) = 7*q - 204. Give d(17).
-85
Let b(k) = 26*k**2 - 9*k + 12. Give b(2).
98
Let r(f) = f**3 + 17*f**2 + 34*f + 9. Calculate r(-2).
1
Let x(l) = -l**3 - 50*l**2 - 4*l - 263. Give x(-50).
-63
Let l(n) = -2*n**3 - 197*n**2 + 102*n + 283. Give l(-99).
-14
Let v(f) = -2*f**3 + 7*f**2 - 15*f + 38. Give v(4).
-38
Let v(n) = 24*n**2 + 35*n - 10. Determine v(-4).
234
Let w(l) = 5*l**2 + 31*l - 28. Determine w(1).
8
Let k(n) = 75*n**2 - 15*n - 11. Give k(-1).
79
Let s(o) = -2*o**3 + 11*o**2 - 19*o - 28. Determine s(4).
-56
Let l(x) = -x**2 + 4*x + 11. Determine l(3).
14
Let l(r) = -r**3 + 3*r**2 - 223*r + 1161. Give l(5).
-4
Let j(b) = -b**2 + 82*b - 317. What is j(4)?
-5
Let c(j) = 6*j**2 + 77*j - 413. Give c(4).
-9
Let j(z) = -86*z + 1200. Give j(14).
-4
Let k(m) = -454*m + 397. Calculate k(1).
-57
Let q(p) = -p**3 + 11*p**2 + 9*p - 22. Give q(10).
168
Let n(b) = -3*b**2 - 70*b + 134. Determine n(-25).
9
Let n(a) = a**3 + 20*a**2 + 58*a + 188. Give n(-17).
69
Let h(c) = c**3 + 44*c**2 + 230*c + 23. Calculate h(-38).
-53
Let b(n) = -136*n - 1359. Determine b(-10).
1
Let c(b) = b**3 - 5*b**2 - 266*b + 1076. Determine c(4).
-4
Let z(c) = -c**3 + c**2 - 12*c - 22. Calculate z(0).
-22
Let l(b) = -114*b - 194. What is l(2)?
-422
Let c(v) = v**3 + 46*v**2 - 97*v + 110. What is c(-48)?
158
Let s(k) = -233*k - 1795. Determine s(-8).
69
Let j(z) = -2*z**3 - 20*z**2 + 17*z + 169. What is j(-10)?
-1
Let d(z) = -z**2 - 91*z + 216. Calculate d(-93).
30
Let d(b) = -358*b - 4. What is d(0)?
-4
Let u(h) = -49*h + 301. Give u(6).
7
Let j(z) = -3*z**2 - 78*z - 513. Calculate j(-13).
-6
Let r(u) = 12*u**2 + 29*u + 4. What is r(-3)?
25
Let s(d) = 10*d + 59. Give s(10).
159
Let g(v) = -5*v**3 - 49*v**2 + 9*v + 12. Give g(-10).
22
Let t(s) = s**2 + 11218*s - 67295. Determine t(6).
49
Let c(z) = 65*z - 347. Give c(4).
-87
Let c(y) = -15*y**3 - 9*y**2 + 7*y + 1. Determine c(1).
-16
Let l(t) = -t**2 + 10*t + 72. Calculate l(20).
-128
Let r(f) = 3*f**2 - 88*f + 88. Determine r(29).
59
Let h(a) = a**3 - 26*a**2 + 74*a + 42. What is h(22)?
-266
Let q(u) = 15*u**3 - 344*u**2 - 29*u + 91. What is q(23)?
-47
Let u(a) = a**3 + 8*a**2 + 945*a + 7572. Calculate u(-8).
12
Let v(s) = -s**2 - 32*s + 348. Calculate v(-41).
-21
Let d(r) = 590*r - 7109. What is d(12)?
-29
Let f(v) = 14*v + 418. What is f(-27)?
40
Let s(u) = -u**2 - 65*u + 894. Determine s(-79).
-212
Let y(m) = 2*m**3 - 18*m**2 - 439*m + 9. What is y(20)?
29
Let z(h) = -h**3 - 54*h**2 + 58*h + 162. Determine z(-55).
-3
Let n(q) = q**3 - 52*q**2 - 112*q + 226. Determine n(54).
10
Let f(y) = 74*y - 5113. What is f(69)?
-7
Let h(f) = -2*f**3 - 27*f**2 + 16*f - 15. Give h(-14).
-43
Let a(b) = -b**2 - 79*b + 1414. Determine a(15).
4
Let x(p) = p**3 + 8*p**2 - 20*p + 142. Calculate x(-11).
-1
Let a(l) = 16*l**3 + l**2 - 9*l + 4. What is a(2)?
118
Let x(s) = 23*s**2 + 2*s + 1. Calculate x(-1).
22
Let c(b) = 2*b**2 + 9049*b + 63236. Calculate c(-7).
-9
Let w(r) = -382*r + 1816. Determine w(4).
288
Let w(o) = -o**3 - 8*o**2 - o + 29. Give w(-7).
-13
Let j(x) = 49*x + 958. Calculate j(-18).
76
Let o(n) = n**3 - 5*n**2 - 68*n + 23. Calculate o(11).
1
Let j(p) = -2*p**3 - 92*p**2 - 398*p + 102. Determine j(-41).
-390
Let m(p) = -7*p**2 + 88*p - 17. Calculate m(12).
31
Let r(y) = -10*y**2 - 2161*y + 6348. Give r(-219).
-3
Let p(k) = -k**2 + 132*k - 1456. What is p(12)?
-16
Let o(n) = -n**2 + 91*n - 1998. Give o(26).
-308
Let g(o) = o**2 - 29*o + 542. What is g(24)?
422
Let n(p) = -3*p**2 + 49*p + 74. Calculate n(17).
40
Let y(w) = w**3 - 36*w**2 - 86*w + 374. Give y(38).
-6
Let n(t) = t**2 + 45*t + 362. Determine n(-34).
-12
Let m(l) = -l**2 - 306*l - 10731. Give m(-266).
-91
Let z(x) = -x**3 + 83*x**2 + 170*x + 4. Determine z(-2).
4
Let c(p) = 3*p**2 - 17*p + 6. Calculate c(8).
62
Let m(x) = x**2 + 24*x - 67. What is m(-30)?
113
Let j(s) = -2*s**3 + 5*s**2 - 11*s + 55. Determine j(4).
-37
Let i(d) = -d**3 - 37*d**2 - 31*d - 715. Calculate i(-37).
432
Let i(a) = a**2 + 90*a + 514. Calculate i(-6).
10
Let c(b) = 621*b**3 - 9*b**2 + 9*b + 1. Give c(1).
622
Let n(g) = 217*g - 6291. What is n(29)?
2
Let o(j) = j**3 + 66*j**2 - 280*j + 8. What is o(-70)?
8
Let a(c) = c**3 - 155*c**2 + 19*c - 2959. Calculate a(155).
-14
Let j(d) = -d**3 - 7*d**2 + 315*d + 2213. Determine j(-7).
8
Let t(u) = u**3 + 12*u**2 + 31*u + 8. Determine t(-10).
-102
Let w(l) = -17*l**2 - l - 3. Determine w(-1).
-19
Let l(p) = 14*p**3 - 91*p**2 - 35*p + 5. Calculate l(7).
103
Let f(s) = 1392*s - 167032. Determine f(120).
8
Let q(w) = w**3 - 12*w**2 + 4*w - 92. What is q(14)?
356
Let l(p) = 4*p**3 - 172*p**2 - 178*p + 83. Give l(44).
-5
Let a(d) = 23*d + 296. What is a(-13)?
-3
Let u(k) = -7*k**3 + 8*k**2 - 8*k + 22. Give u(5).
-693
Let v(k) = -6*k**2 + 585*k - 301. Give v(97).
-10
Let w(a) = 219*a + 5476. Calculate w(-25).
1
Let i(g) = g**2 - 22*g - 113. Calculate i(27).
22
Let x(f) = f**3 + 13*f**2 - 39*f - 299. Calculate x(-14).
51
Let d(w) = w**3 + 3*w**2 - 4*w - 5. What is d(2)?
7
Let f(x) = 9*x + 511. What is f(-60)?
-29
Let x(q) = 22*q + 640. Determine x(-27).
46
Let z(r) = r**3 - 2*r**2 - 3*r + 44. Calculate z(4).
64
Let h(k) = -19*k**2 - 4*k - 11. Give h(0).
-11
Let a(s) = -1097*s + 19775. Give a(18).
29
Let m(x) = -x**2 - 4*x + 99. What is m(-12)?
3
Let a(v) = -29*v - 35. Give a(-2).
23
Let c(u) = 4*u**3 + 38*u**2 + 74*u + 905. What is c(-10)?
-35
Let d(r) = -r**3 - 7*r**2 - 3*r - 14. Calculate d(-6).
-32
Let t(y) = y**2 + 14*y + 82. What is t(-12)?
58
Let q(d) = -2*d**3 - 2*d**2 + 2*d + 2. Determine q(-2).
6
Let h(b) = 729*b**2 + 24*b - 2. Give h(-1).
703
Let n(d) = -56*d - 1178. Give n(-21).
-2
Let q(h) = h**2 + 4*h - 399. Calculate q(-26).
173
Let n(m) = -m**3 + 70*m**2 + 20*m - 1388. Calculate n(70).
12
Let r(l) = 85*l - 162. 